{"id":21,"date":"2023-10-27T22:10:02","date_gmt":"2023-10-27T20:10:02","guid":{"rendered":"http:\/\/uj.gatiistvan.hu\/?page_id=21"},"modified":"2025-04-09T12:22:38","modified_gmt":"2025-04-09T10:22:38","slug":"konyvek","status":"publish","type":"page","link":"http:\/\/www.gatiistvan.hu\/?page_id=21","title":{"rendered":"K\u00f6nyvek"},"content":{"rendered":"\r\n<h1 class=\"wp-block-heading has-medium-font-size\"><strong>\u00d6n\u00e1ll\u00f3 k\u00f6tetek<\/strong><\/h1>\r\n\r\n\r\n\r\n<p>&#8211; <strong>Lehetne rend<\/strong> (Parnasszus K\u00f6nyvek, Tipp-Cult Kft. 2016.)<br \/><img decoding=\"async\" src=\"http:\/\/gatiistvan.hu\/wp-content\/uploads\/2025\/04\/lehetne_rend.jpg\" alt=\"Lehetne Rend\" width=\"200\" \/><\/p>\r\n\r\n\r\n\r\n<p>&#8211; <strong>T\u00f6k Magda kalandjai<\/strong> (M\u00f3ra Kiad\u00f3, 2017.)<\/p>\r\n\r\n\r\n\r\n<figure class=\"wp-block-image\"><img decoding=\"async\" src=\"http:\/\/gatiistvan.hu\/wp-content\/uploads\/2025\/04\/Tok-magda-kalandjai.jpg\" alt=\"Tok Magda\" \/><\/figure>\r\n\r\n\r\n\r\n<p><strong>Ford\u00edt\u00e1s<\/strong><\/p>\r\n\r\n\r\n\r\n<p><strong>&#8211; Kirsi Kunnas: Nyakigl\u00e1b Nyuszi bukfencei <\/strong>(M\u00f3ra Kiad\u00f3, 2017.)<\/p>\r\n\r\n\r\n\r\n<figure class=\"wp-block-image\"><img decoding=\"async\" src=\"http:\/\/gatiistvan.hu\/wp-content\/uploads\/2025\/04\/nyakiglab-nyuszi-bukfencei.jpg\" alt=\"Nyakigl\u00e1b Nyuszi\" \/><\/figure>\r\n<p>&nbsp;<\/p>\r\n<p><strong>&#8211; Korn\u00e9l, a kobra (M\u00f3ra Kiad\u00f3, 2021.)<\/strong><\/p>\r\n<p><img loading=\"lazy\" decoding=\"async\" class=\"alignnone size-medium wp-image-54\" src=\"http:\/\/www.gatiistvan.hu\/wp-content\/uploads\/2025\/04\/2763953-224x300.jpg\" alt=\"\" width=\"224\" height=\"300\" srcset=\"http:\/\/www.gatiistvan.hu\/wp-content\/uploads\/2025\/04\/2763953-224x300.jpg 224w, http:\/\/www.gatiistvan.hu\/wp-content\/uploads\/2025\/04\/2763953.jpg 300w\" sizes=\"(max-width: 224px) 100vw, 224px\" \/><\/p>\r\n<p><strong>&#8211; A Puskin-trojka (Napk\u00fat Kiad\u00f3, 2022.<\/strong>)<br \/><img loading=\"lazy\" decoding=\"async\" class=\"alignnone size-medium wp-image-56\" src=\"http:\/\/www.gatiistvan.hu\/wp-content\/uploads\/2025\/04\/3232761-178x300.jpg\" alt=\"\" width=\"178\" height=\"300\" srcset=\"http:\/\/www.gatiistvan.hu\/wp-content\/uploads\/2025\/04\/3232761-178x300.jpg 178w, http:\/\/www.gatiistvan.hu\/wp-content\/uploads\/2025\/04\/3232761.jpg 354w\" sizes=\"(max-width: 178px) 100vw, 178px\" \/><\/p>\r\n\r\n\r\n\r\n<h1>\u00a0<\/h1>\r\n<h1><strong>Antol\u00f3gi\u00e1k<\/strong><\/h1>\r\n\r\n\r\n\r\n<p>*<strong>Aranysityak<\/strong> (Csodaceruza Kiad\u00f3, 2010; M\u00f3ra Kiad\u00f3, 2013.)<br \/>*<strong>Csal\u00e1di k\u00f6r <\/strong>(Holnap Kiad\u00f3, 2013.)<br \/>*<strong>V\u00e1logat\u00f3s <\/strong>(Cerkabella Kiad\u00f3, 2014.)<br \/>*<strong>K\u00f6rforg\u00e1s <\/strong>(Kolibri Kiad\u00f3, 2014.)<br \/>*<strong>Visszat\u00e9r\u00e9s a Szojuzba <\/strong>(Antol\u00f3gia Kiad\u00f3, 2013.)<br \/>*<strong>3 pofon <\/strong>(ELTE BTK, M\u0171M\u0171, 2014.)<br \/>*<strong>A sz\u00edn\u00e9szn\u0151 <\/strong>(Raszter Kiad\u00f3, 2014.)<br \/><strong>*Kort\u00e1rs-k\u00f6lt\u0151verseny 2011-2017 <\/strong>(Kort\u00e1rs, 2017.)<\/p>\r\n\r\n\r\n\r\n<p><strong>Tank\u00f6nyvek<\/strong><\/p>\r\n\r\n\r\n\r\n<p><strong>*Az \u00e9n vil\u00e1gom 4.\/ Erk\u00f6lcstan <\/strong>(OFI, 2016.)<\/p>\r\n","protected":false},"excerpt":{"rendered":"<p>\u00d6n\u00e1ll\u00f3 k\u00f6tetek &#8211; Lehetne rend (Parnasszus K\u00f6nyvek, Tipp-Cult Kft. 2016.) &#8211; T\u00f6k Magda kalandjai (M\u00f3ra Kiad\u00f3, 2017.) Ford\u00edt\u00e1s &#8211; Kirsi Kunnas: Nyakigl\u00e1b Nyuszi bukfencei (M\u00f3ra Kiad\u00f3, 2017.) \u00a0 Antol\u00f3gi\u00e1k *Aranysityak (Csodaceruza Kiad\u00f3, 2010; M\u00f3ra Kiad\u00f3, 2013.)*Csal\u00e1di k\u00f6r (Holnap Kiad\u00f3, 2013.)*V\u00e1logat\u00f3s (Cerkabella Kiad\u00f3, 2014.)*K\u00f6rforg\u00e1s (Kolibri Kiad\u00f3, 2014.)*Visszat\u00e9r\u00e9s a Szojuzba (Antol\u00f3gia Kiad\u00f3, 2013.)*3 pofon (ELTE BTK, M\u0171M\u0171, [&hellip;]<\/p>\n","protected":false},"author":1,"featured_media":0,"parent":0,"menu_order":0,"comment_status":"closed","ping_status":"closed","template":"","meta":{"site-sidebar-layout":"default","site-content-layout":"","ast-site-content-layout":"default","site-content-style":"default","site-sidebar-style":"default","ast-global-header-display":"","ast-banner-title-visibility":"","ast-main-header-display":"","ast-hfb-above-header-display":"","ast-hfb-below-header-display":"","ast-hfb-mobile-header-display":"","site-post-title":"","ast-breadcrumbs-content":"","ast-featured-img":"","footer-sml-layout":"","theme-transparent-header-meta":"default","adv-header-id-meta":"","stick-header-meta":"","header-above-stick-meta":"","header-main-stick-meta":"","header-below-stick-meta":"","astra-migrate-meta-layouts":"set","ast-page-background-enabled":"default","ast-page-background-meta":{"desktop":{"background-color":"var(--ast-global-color-4)","background-image":"","background-repeat":"repeat","background-position":"center center","background-size":"auto","background-attachment":"scroll","background-type":"","background-media":"","overlay-type":"","overlay-color":"","overlay-gradient":""},"tablet":{"background-color":"","background-image":"","background-repeat":"repeat","background-position":"center center","background-size":"auto","background-attachment":"scroll","background-type":"","background-media":"","overlay-type":"","overlay-color":"","overlay-gradient":""},"mobile":{"background-color":"","background-image":"","background-repeat":"repeat","background-position":"center center","background-size":"auto","background-attachment":"scroll","background-type":"","background-media":"","overlay-type":"","overlay-color":"","overlay-gradient":""}},"ast-content-background-meta":{"desktop":{"background-color":"var(--ast-global-color-5)","background-image":"","background-repeat":"repeat","background-position":"center center","background-size":"auto","background-attachment":"scroll","background-type":"","background-media":"","overlay-type":"","overlay-color":"","overlay-gradient":""},"tablet":{"background-color":"var(--ast-global-color-5)","background-image":"","background-repeat":"repeat","background-position":"center center","background-size":"auto","background-attachment":"scroll","background-type":"","background-media":"","overlay-type":"","overlay-color":"","overlay-gradient":""},"mobile":{"background-color":"var(--ast-global-color-5)","background-image":"","background-repeat":"repeat","background-position":"center center","background-size":"auto","background-attachment":"scroll","background-type":"","background-media":"","overlay-type":"","overlay-color":"","overlay-gradient":""}},"footnotes":""},"_links":{"self":[{"href":"http:\/\/www.gatiistvan.hu\/index.php?rest_route=\/wp\/v2\/pages\/21"}],"collection":[{"href":"http:\/\/www.gatiistvan.hu\/index.php?rest_route=\/wp\/v2\/pages"}],"about":[{"href":"http:\/\/www.gatiistvan.hu\/index.php?rest_route=\/wp\/v2\/types\/page"}],"author":[{"embeddable":true,"href":"http:\/\/www.gatiistvan.hu\/index.php?rest_route=\/wp\/v2\/users\/1"}],"replies":[{"embeddable":true,"href":"http:\/\/www.gatiistvan.hu\/index.php?rest_route=%2Fwp%2Fv2%2Fcomments&post=21"}],"version-history":[{"count":8,"href":"http:\/\/www.gatiistvan.hu\/index.php?rest_route=\/wp\/v2\/pages\/21\/revisions"}],"predecessor-version":[{"id":57,"href":"http:\/\/www.gatiistvan.hu\/index.php?rest_route=\/wp\/v2\/pages\/21\/revisions\/57"}],"wp:attachment":[{"href":"http:\/\/www.gatiistvan.hu\/index.php?rest_route=%2Fwp%2Fv2%2Fmedia&parent=21"}],"curies":[{"name":"wp","href":"https:\/\/api.w.org\/{rel}","templated":true}]}}